7104 + 8 + -8)?
2, 3, 23, 31
Suppose -4*i = -z - 13172, -5*z + 1677 = i - 1595. Suppose 1732 + i = 8*l. What are the prime factors of l?
2, 157
Suppose -7*n + 8186 + 8117 = 0. What are the prime factors of n?
17, 137
Let t = 11896 + -7096. Suppose 29*h + t = 41*h. List the prime factors of h.
2, 5
Let g = 52724 - 31578. List the prime factors of g.
2, 97, 109
Let v(d) = -2*d**2 - 3. Suppose w - 2 = 0, -4*h + 4*w - 18 = -9*h. Let b be v(h). List the prime factors of 13/b - -1 - (-3171)/77.
41
Let s(h) = -1328*h - 914. What are the prime factors of s(-22)?
2, 3, 53, 89
Suppose -2*i + 2165 = 3*h - 12395, 2*h = 2*i - 14580. List the prime factors of i.
2, 3643
Suppose f = -3*v + 186, 0*f + 4*v = 5*f - 968. Let w = f - -159. List the prime factors of w.
3, 13
Let v = 37 + -43. Let h be ((-182)/v)/((18 + -8)/60). Suppose -15*r + h + 643 = 0. What are the prime factors of r?
5, 11
Let r be (-54)/(-1 + 3)*2438/(-138). Suppose 0 = -5*j + 1 + 4, 9 = 3*c + 3*j. Suppose 5*f + v - 795 = 0, -5*f + r = -c*f + 3*v. What are the prime factors of f?
3, 53
Let l be -1*-6*1/1. Let k be l + -5 + -2 + (-1 - -109). Suppose 4*r = -x + 66, -5*r = 5*x - 452 + k. What are the prime factors of x?
2, 5, 7
Let v be 1 - -1*(-30)/5. Let a(k) = 11*k**2 - 2*k - 16. What are the prime factors of a(v)?
269
Let s be (3 + -2)*(1 - 96). Let b be ((-57)/s)/(1/105). Suppose b = 2*p + p. List the prime factors of p.
3, 7
Suppose -2*y + 1 = -5*n - 96, 4*y = 2*n + 154. Suppose i = -5*i + y. Suppose 0*r + 336 = i*r. What are the prime factors of r?
2, 7
List the prime factors of (-8)/96 + -6 + (-1246758)/(-72).
2, 3, 5, 577
Let i(u) = 3*u**3 + u**2 - 2*u + 1. Let s be i(1). Suppose 0 = z - k - 124, -253 = -4*z + 2*z - s*k. What are the prime factors of z?
5
Suppose 0 = -4*v + 2087 + 1077. Let c = v - 333. What are the prime factors of c?
2, 229
Let q = 16367 + -5628. What are the prime factors of q?
10739
Suppose 408 = 5*n + n. Let o = n - 64. What are the prime factors of (-35)/(-15) - (o/6)/(-1)?
3
What are the prime factors of (30/(-14) - -2 - 3568875/35)/(-2)?
2, 6373
List the prime factors of -8*(-21)/28 + (14276 - (-25)/5).
7, 13, 157
Suppose 10373 = 5*w + 1660 + 448. What are the prime factors of w?
3, 19, 29
Suppose -103 = 77*i - 26. Suppose -3*n + 21 = 3*g, 3*n + 4*g - 11 - 10 = 0. List the prime factors of (3 - 3)/n + (i - -21).
2, 5
Suppose -5*l - 5*o = -138975, 240*l + 83397 = 243*l + 5*o. List the prime factors of l.
3, 59, 157
Suppose u = -5*u + 42. Let n(h) = -4*h + 12*h + u - 18. List the prime factors of n(16).
3, 13
Let i be -4*(1 + (-390)/8). Let s(j) = -j**2 + 1 - i*j**3 + 35*j**3 + 0*j**2. List the prime factors of s(-1).
2, 3, 13
Suppose 3*r = -3*p + 5622, 2*r - 1879 = -p - 0*r. Let w = 2668 - p. List the prime factors of w.
17, 47
Let j(n) = 13*n - 7. Let q(a) = 6*a - 3. Let s(p) = -2*j(p) + 5*q(p). Let x be s(1). Suppose x*v = -0*v - 15, -2*z + 245 = 5*v. List the prime factors of z.
3, 5
Suppose -302*t + 377*t - 311550 = 0. List the prime factors of t.
2, 31, 67
Let q = 6698 + 12. What are the prime factors of q?
2, 5, 11, 61
Suppose 0 = 66*p - 64*p + 50. Let a(x) = x**3 + 24*x**2 - 25*x + 73. List the prime factors of a(p).
73
Let s = -55 - -121. Suppose -3*g - 90 = s. Let o = -8 - g. List the prime factors of o.
2, 11
Suppose 167*g - 24262 = 160*g. Let h = g - 1704. What are the prime factors of h?
2, 881
Let i = -21977 + 66434. List the prime factors of i.
3, 7, 29, 73
Let m = 252 - 249. List the prime factors of (-7800)/(-8)*(4 - m).
3, 5, 13
Suppose -2*n + 1820 = 2*n. Suppose 3*l + 3*b = -l + n, 3*b - 345 = -3*l. Suppose 88*o - 86*o = l. List the prime factors of o.
5, 11
Let r(f) = 9*f**2 + 36*f + 53401. What are the prime factors of r(0)?
53401
Suppose 0 = -44*w - 62*w + 157622. What are the prime factors of w?
1487
Let m = -3786 + 8286. List the prime factors of m.
2, 3, 5
Suppose -16*z = -43*z + 19*z + 203472. List the prime factors of z.
2, 3, 157
Let w be (0 - (2 + -3))/((-1)/246). Let s = -84 - w. List the prime factors of s.
2, 3
Let x = 39003 - 26855. What are the prime factors of x?
2, 3037
Suppose 23*q = 19*q + 16, 0 = -3*v - 5*q + 6932. What are the prime factors of v?
2, 3
Suppose 0 = -4*h - 40 - 1056. Let a = -176 - h. What are the prime factors of a?
2, 7
Suppose -2*h + 0 = o - 1, -o + 10 = 5*h. What are the prime factors of -389*((2 + o)/3 - 0)?
389
Let b(r) = 5*r**2 - 5*r**2 - 7 - 10*r**2 - r**3 - 13*r - 6. Let t be b(-7). Let x = t - -119. What are the prime factors of x?
2, 5
Let j(n) = 2*n**2 - 2*n + 44. Let x be j(0). Suppose -x*p = -24684 - 1056. List the prime factors of p.
3, 5, 13
Let g be (-12)/48 + (-100)/(-16). What are the prime factors of ((-1)/4*g)/((-12)/7528)?
941
Let b = 2 - -40. Suppose 3*n - 368 = -5*v, 98 = 2*v + 3*n - b. List the prime factors of v.
2, 19
Let x(w) be the first derivative of w**2/2 + 50*w + 2. Let o = -517 - -517. List the prime factors of x(o).
2, 5
Suppose 0 = 208*c - 214*c - 10134. Let u = -813 - c. What are the prime factors of u?
2, 3, 73
Let z(o) = -o**2 + 10*o - 7. Let f be z(9). Suppose -g - 976 = f*g - 5*i, g + 4*i = -348. Let n = -203 - g. What are the prime factors of n?
3, 43
Suppose 0 = -3*t - 13*t - 112. Suppose -3*a - 216 = -3*g, g - 3*a = 36 + 32. Let d = g - t. List the prime factors of d.
3
What are the prime factors of (-30)/345 - 567190/(-115)?
2, 3, 137
Suppose -1099 - 16 = -3*o + 796. What are the prime factors of o?
7, 13
Let n(x) = 2*x**2 + 3*x - 3. Suppose 4*t = t + 6. Let j be n(t). Suppose -j*k + 478 = -127. List the prime factors of k.
5, 11
Let p be (3/9 + (-44)/(-30))*-5. What are the prime factors of 6 - (348/p)/(18/27)?
2
Suppose -40 = -3*d - d. Let t be 54/(-90) - (-236)/d. Let y = 83 + t. List the prime factors of y.
2, 53
Let n be (5 - -73)*(-2)/(-4). Let a = n + -12. Let p = 109 - a. List the prime factors of p.
2, 41
Suppose 68*r + 72*r - 161*r + 351435 = 0. List the prime factors of r.
5, 3347
Let u(y) = 154*y**2 + 2. Let n be u(-1). Suppose 8*p - 12*p = -n. Suppose 9*o = p - 12. What are the prime factors of o?
3
Let c = -4560 - -7016. What are the prime factors of c?
2, 307
Let k(x) = x**3 - 11*x**2 - 5*x + 8153. List the prime factors of k(0).
31, 263
List the prime factors of 41663 + (30/(-25))/(24/80).
41659
Suppose 3*o - 4*o + 45 = 0. Suppose -14*c + 9*c = -o. Suppose c = -4*t + 157. List the prime factors of t.
37
Suppose -37*v - 2898099 = 14*v - 88*v. List the prime factors of v.
3, 967
Let z(t) = t**3 + 4*t**2 + 3. Let j be z(0). Suppose 7*k - 3962 = -3*u + 3*k, 0 = j*u - 4*k - 3922. Suppose -97*s + u = -91*s. What are the prime factors of s?
3, 73
Let z(o) be the third derivative of 7*o**5/30 + 5*o**4/24 + 13*o**3/6 + o**2 - 53*o. List the prime factors of z(-4).
7, 31
Suppose 6*n - 1087 - 47753 = 0. Suppose -21*q = -16*q - n. List the prime factors of q.
2, 11, 37
Suppose 0 = -3*j - 17 + 26. Suppose -3*z - 1 + 0 = 4*d, j*z = d + 4. List the prime factors of (z - 9)/(-1)*(10 + 22).
2
Suppose -5*i = n + 2500, 7555 = 10*n - 13*n - 4*i. Let b = -1558 - n. List the prime factors of b.
967
Let v = -16268 + 55785. List the prime factors of v.
43, 919
Let i = 11803 + -9617. What are the prime factors of i?
2, 1093
Let q be (-32)/4*(-3 + 14/4). What are the prime factors of (-9148)/(-10) + q/5?
2, 457
Let x be -30 - (3 - 3)*(-1)/(-4). Let w = -13 - x. Let f = 46 + w. What are the prime factors of f?
3, 7
Let s be (1/(-2))/((-63)/(-12) - 5). Let z be -2 + (-124)/20 - s/10. What are the prime factors of z/10 + 1445/25?
3, 19
Suppose 14*q = 6*q + 32. Suppose -n - 35 = -5*z + n, -q*z - 4*n = 0. Suppose z*m = 20 + 40. List the prime factors of m.
2, 3
Suppose 0 = -66*f + 61*f + 10. Let y be (2 + -3)*-2 + f + -6. Let t(s) = 69*s**2 - s - 2. List the prime factors of t(y).
2, 3, 23
What are the prime factors of -2 + (-28)/(-12) - (-236816)/57?
3, 5, 277
Let v(k) be the first derivative of k**4/2 - 29*k**3 - 21*k**2/2 + 31*k + 170. List the prime factors of v(44).
7, 149
Let q(n) be the first derivative of -11*n**4/2 - 4*n**3/3 - n**2 + 2*n + 35. Suppose 7 - 13 = 3*a. List the prime factors of q(a).
2, 83
Suppose 3908*d - 229950 = 3893*d. List the prime factors of d.
2, 3, 5, 7, 73
Let i(n) = 5182*n + 110. What are the prime factors of i(2)?
2, 5237
Let f be (862/(-8))